t is -320 - 14?
-334
In base 7, what is 5144 - 2?
5142
In base 9, what is -5 + -15?
-21
In base 4, what is 30 + -11?
13
In base 12, what is 0 + -14?
-14
In base 15, what is -1a + 64?
49
In base 8, what is 15 - -73?
110
In base 13, what is -2 - -40?
3b
In base 7, what is 22404 + 4?
22411
In base 5, what is -21 + 13?
-3
In base 8, what is -32 + -5?
-37
In base 2, what is 110100000111 + 10?
110100001001
In base 12, what is 6 + -3a1?
-397
In base 7, what is -4 + 122?
115
In base 5, what is -4 - -232?
223
In base 10, what is -27 - -7?
-20
In base 12, what is 1b944 + 0?
1b944
In base 13, what is 2 - 482?
-480
In base 8, what is 10505 + 0?
10505
In base 12, what is 63 + 1?
64
In base 9, what is -75 + -17?
-103
In base 4, what is 0 + 3110?
3110
In base 14, what is 798 + 6?
7a0
In base 12, what is 3 + -97?
-94
In base 12, what is 117 + -3?
114
In base 12, what is 1 + -37?
-36
In base 4, what is 3 - 1201223?
-1201220
In base 6, what is 2544 + -15?
2525
In base 10, what is 60 - 2?
58
In base 14, what is -44 + -4?
-48
In base 3, what is 1 - -12222002?
12222010
In base 13, what is 817 - -4?
81b
In base 15, what is -3 - -2b?
28
In base 3, what is -10 - -2021112?
2021102
In base 12, what is -5 + -18?
-21
In base 12, what is -65 - 3?
-68
In base 13, what is 32 + 5?
37
In base 9, what is 23 + 1180?
1213
In base 12, what is -397 - -4?
-393
In base 10, what is 23 + -2?
21
In base 3, what is -1012211 - 0?
-1012211
In base 12, what is 45 + 1?
46
In base 10, what is -158 - -1?
-157
In base 11, what is 362 - 3?
35a
In base 8, what is -4 - -5714?
5710
In base 15, what is -17c + -8?
-185
In base 6, what is 40 + 3?
43
In base 11, what is a9 - -19?
117
In base 16, what is 6 + -180?
-17a
In base 7, what is 5 - -60?
65
In base 10, what is -960 - 0?
-960
In base 12, what is 6a8 + -11?
697
In base 15, what is -1 + -64?
-65
In base 7, what is 0 - 21?
-21
In base 4, what is -2 + 11?
3
In base 14, what is -1585 - 4?
-1589
In base 12, what is 1ba - -19?
217
In base 15, what is -3b + 18?
-23
In base 8, what is 5 - -5?
12
In base 3, what is -11 + 1101?
1020
In base 8, what is -34 + -3?
-37
In base 6, what is -2531 - 1?
-2532
In base 10, what is 0 - -404?
404
In base 3, what is -111010 + 1?
-111002
In base 9, what is -53 - -5?
-47
In base 11, what is 3 - -28?
30
In base 5, what is 14 + 120?
134
In base 3, what is 200100 - 12?
200011
In base 13, what is -20 - -86?
66
In base 5, what is -1 + -1?
-2
In base 3, what is -12210 + 2002?
-10201
In base 7, what is -4 + 553?
546
In base 15, what is -5 - a9?
-ae
In base 12, what is -6 + 11?
7
In base 4, what is -3000 - -2?
-2332
In base 3, what is -101120 - -112?
-101001
In base 2, what is -100010 - -1?
-100001
In base 5, what is -242 + -10?
-302
In base 16, what is -8 + d3b?
d33
In base 4, what is 11100 + -120?
10320
In base 12, what is -13 - -141?
12a
In base 14, what is -a24 - -5?
-a1d
In base 15, what is 9 + 5?
e
In base 4, what is 10211213 - 11?
10211202
In base 7, what is 264 - -53?
350
In base 16, what is 43 - c?
37
In base 8, what is -15 - -15?
0
In base 10, what is 162 + 156?
318
In base 9, what is -5 - 27?
-33
In base 15, what is 0 + -27?
-27
In base 8, what is 55 - 2?
53
In base 9, what is -4 + -62?
-66
In base 10, what is 18 - -13?
31
In base 10, what is -50 + 2?
-48
In base 13, what is -7 + 29?
22
In base 2, what is 100001 + 1001?
101010
In base 5, what is -132442 - -2?
-132440
In base 15, what is -132 + -4?
-136
In base 9, what is 0 + -111?
-111
In base 15, what is -8 + -31?
-39
In base 9, what is -177 - 6?
-184
In base 9, what is -16 + 51?
34
In base 4, what is 11 + -1010?
-333
In base 10, what is 26 + 38?
64
In base 8, what is 27 - -36?
65
In base 2, what is -1000 + 110110111?
110101111
In base 4, what is -1001 + -10?
-1011
In base 7, what is 205254 - 2?
205252
In base 13, what is -68 - -5?
-63
In base 16, what is -240 + -25?
-265
In base 4, what is -11 + -2113?
-2130
In base 2, what is -10000111011 + -10?
-10000111101
In base 8, what is -37 + 1?
-36
In base 15, what is 7 + 41?
48
In base 12, what is -62 + 0?
-62
In base 7, what is 5105 + -1?
5104
In base 12, what is -89a + -5?
-8a3
In base 16, what is -2634 + -5?
-2639
In base 4, what is -31131 + -3?
-31200
In base 9, what is 2 - 3214?
-3212
In base 4, what is 3 - -22?
31
In base 11, what is -119a - -10?
-118a
In base 2, what is 10100 + -100100100?
-100010000
In base 10, what is 1428 - -2?
1430
In base 11, what is 1 + -62?
-61
In base 7, what is -15 + 416?
401
In base 13, what is 3 - a90?
-a8a
In base 14, what is 0 + -942?
-942
In base 10, what is -27 + 8?
-19
In base 16, what is -2 - -15?
13
In base 7, what is -166 + 11?
-155
In base 10, what is -28338 - -3?
-28335
In base 6, what is 10152 + -5?
10143
In base 10, what is -1 - -1542?
1541
In base 3, what is -11 - 1221120?
-1221201
In base 12, what is b9 + 1?
ba
In base 12, what is 0 - -845?
845
In base 3, what is -12 - -22211?
22122
In base 13, what is -2 + -ab4?
-ab6
In base 16, what is -6f + -5?
-74
In base 9, what is 5 - -23?
28
In base 12, what is 1 - -1?
2
In base 5, what is 443023 + -10?
443013
In base 4, what is 21 - -2022?
2103
In base 12, what is -25b - 0?
-25b
In base 11, what is 94 + -21?
73
In base 15, what is 3 - e3?
-e0
In base 8, what is -2 - 130?
-132
In base 2, what is 1000 - -111010?
1000010
In base 14, what is 3 - -408?
40b
In base 8, what is 10 - -1165?
1175
In base 16, what is -2c8 + 5?
-2c3
In base 14, what is 2d2 + -2?
2d0
In base 4, what is -13100 + 1?
-13033
In base 4, what is -2 + -3001?
-3003
In base 15, what is -1 - 14c?
-14d
In base 11, what is 2 - -3?
5
In base 13, what is 40 - -11?
51
In base 10, what is -254 - -4?
-250
In base 5, what is -4 + 334?
330
In base 16, what is 11 + -30?
-1f
In base 4, what is 3002 + -3?
2333
In base 13, what is 0 - 58?
-58
In base 5, what is -3 - 144?
-202
In base 9, what is 14735 - 0?
14735
In base 9, what is 306 - 5?
301
In base 11, what is -5 - -9a6?
9a1
In base 9, what is -1845 + -5?
-1851
In base 11, what is 10639 + -2?
10637
In base 10, what is 5 + 100?
105
In base 13, what is 360 - 1?
35c
In base 15, what is -4 - 7d0?
-7d4
In base 5, what is -13332 + 4?
-13323
In base 11, what is -1a5 - -3?
-1a2
In base 4, what is -3101003 + 10?
-3100333
In base 5, what is 4 + 11?
20
In base 2, what is -11 - 101101?
-110000
In base 8, what is 23 + 273?
316
In base 5, what is 3 + -10224?
-10221
In base 6, what is -4 + 2035?
2031
In base 16, what is -10 - -2?
-e
In base 3, what is 1211000 + 22?
1211022
In base 5, what is -42 + 11?
-31
In base 13, what is -5 - -1b73?
1b6b
In base 12, what is 2 - 882?
-880
In base 10, what is -14 + 59?
45
In base 16, what is 221 + -2?
21f
In base 10, what is -33 - -2?
-31
In base 8, what is -31 - -1?
-30
In base 14, what is -72 - 5?
-77
In base 2, what is 1101001101 - -1001?
1101010110
In base 2, what is -11 - -111110?
111011
In base 3, what is 21211 - 12?
21122
In base 16, what is -d - 4be?
-4cb
In base 16, what is a1 + 8?
a9
In base 13, what is 0 - 12cb?
-12cb
In base 8, what is -5 - -3646?
3641
In base 5, what is 10 - -32?
42
In base 10, what is 0 - -27?
27
In base 7, what is -26534 + 4?
-26530
In base 12, what is 17 + 6?
21
In base 14, what is -5b9 - -1?
-5b8
In base 11, what is -4 - -48?
44
In base 4, what is -11032 - 1?
-11033
In base 2, what is -100 - -1100101?
1100001
In base 16, what is -1 - -1e?
1d
In base 10, what is 2014 + 1?
2015
In base 12, what is 2 + 240?
242
In base 14, what is 581 + -3?
57c
In base 2, what is 10001101001 + 100?
10001101101
In base 13, what is -1 - -89?
88
In base 7, what is -2201 + 1?
-2200
In base 13, what is -3 + -33?
-36
In base 2, what is -1 + -11011011?
-11011100
In base 14, what is 1 + -2c4?
-2c3
In base 8, what is 4 - 230?
-224
In base 13, what is 10 + -81?
-71
In base 7, what is 4 - -2036?
2043
In base 11, what is 6 + -a2a?
-a24
In base 14, what is -4 + -345?
-349
In base 8, what is 0 + 162?
162
In base 10, what is -80 + -3?
-83
In base 6, what is 15234 + -5?
15225
In base 15, what is -7ee - 1?
-800
In base 11, what is 3 + 108?
110
In base 5, what is 134 + 300?
434
In base 2, what is -10011101 + 1?
-10011100
In base 13, what is 3 + 799?
79c
In base 5, what is 3 - -32200?
32203
In base 10, what is -7 - 159?
-166
In base 2, what is -111110010000 - 1?
-111110010001
In base 16, what is -7 + -1d?
-24
In 